 38. Give c(-16).
10
Let n(y) = y**3 + 5*y**2 + 2*y + 5. What is n(-5)?
-5
Let g(q) = -q**3 - 13*q**2 - 23*q + 12. Give g(-11).
23
Let b(x) = -x**2 - 40*x + 179. Give b(4).
3
Let k(b) = 3*b**2 + 15*b + 20. Calculate k(-6).
38
Let n(o) = o**3 - 6*o**2 - 8*o + 27. What is n(6)?
-21
Let i(p) = p**2 - 7*p - 26. Determine i(8).
-18
Let o(r) = 3*r - 29. Calculate o(10).
1
Let g(i) = i + 12. Calculate g(17).
29
Let m(h) = -h**2 + 41*h - 335. Calculate m(30).
-5
Let t(o) = o**3 - 3*o**2 + 2*o - 1. Give t(2).
-1
Let m(b) = -12*b**3 + b**2 + b - 2. Calculate m(1).
-12
Let b(x) = -4*x + 127. What is b(29)?
11
Let r(y) = -y**3 - 39*y**2 - 40*y - 100. Determine r(-38).
-24
Let t(k) = 4*k + 1. What is t(6)?
25
Let k(t) = t**3 + 7*t**2 - 2*t - 11. Determine k(-7).
3
Let n(d) = d**3 + 10*d**2 + 14*d - 23. Determine n(-8).
-7
Let u(b) = b**3 + 13*b**2 + 9*b. Give u(-12).
36
Let m(v) = 2*v - 16. Determine m(11).
6
Let p(w) = 2*w**2 - 9*w + 7. Determine p(5).
12
Let x(j) = j**3 - j**2 + 3*j - 2. What is x(1)?
1
Let w(u) = u**2 - 35*u - 3. Give w(35).
-3
Let m(n) = -n**3 + 5*n**2 + n + 4. Calculate m(5).
9
Let g(f) = 6*f**2 + 15*f + 4. What is g(-3)?
13
Let t(l) = -4*l**3 - 2*l**2 - l + 1. What is t(-2)?
27
Let n(q) = -7*q - 7. Determine n(2).
-21
Let l(f) = f**3 + 10*f**2 - 7*f + 8. Calculate l(-11).
-36
Let d(k) = 4*k - 63. Give d(16).
1
Let r(l) = -l + 36. What is r(10)?
26
Let u(h) = h**3 - 10*h**2 - 4*h + 23. Determine u(10).
-17
Let f(r) = -r - 19. What is f(-16)?
-3
Let i(q) = -q**3 + 5*q**2 + 15*q - 16. What is i(7)?
-9
Let s(l) = 4*l**2 + 7*l - 10. Calculate s(-4).
26
Let l(t) = t - 23. Calculate l(6).
-17
Let k(d) = d**3 + 7*d**2 - 8*d + 10. What is k(-8)?
10
Let r(t) = -t**2 + 9*t + 52. Give r(10).
42
Let h(k) = -4*k + 6. Give h(-5).
26
Let j(l) = -l**2 + 18*l. Determine j(18).
0
Let m(d) = -d**3 - 34*d**2 - 63*d + 30. Calculate m(-32).
-2
Let m(h) = -h**2 + 8*h + 11. Give m(4).
27
Let d(s) = -s**3 + 6*s**2 + 4*s + 12. Determine d(7).
-9
Let q(i) = 17*i - 2. Determine q(1).
15
Let l(v) = -v**3 + 2*v**2 + 7*v - 1. Give l(5).
-41
Let h(g) = 2*g**2 - 27*g + 6. Calculate h(13).
-7
Let j(o) = o**2 - o + 2. Give j(-1).
4
Let c(l) = l**3 - 11*l**2 + 6. Calculate c(11).
6
Let g(o) = 404*o + 398. Calculate g(-1).
-6
Let x(b) = -b**2 + 11*b - 24. Give x(6).
6
Let w(r) = 28*r + 126. Determine w(-5).
-14
Let q(l) = 17*l - 60. Give q(4).
8
Let k(m) = -m**3 + 9*m**2 - 10*m - 20. What is k(4)?
20
Let i(m) = m - 1. Calculate i(-8).
-9
Let f(g) = 74*g - 84. Determine f(1).
-10
Let a(l) = -2*l**2 - 2*l - 2. Calculate a(-2).
-6
Let w(f) = f**3 + 6*f**2 - 3*f + 7. Calculate w(-5).
47
Let q(n) = -5*n**2 - 2*n - 3. Calculate q(-2).
-19
Let g(q) = 13*q - 46. What is g(4)?
6
Let j(t) = -t**3 - 11*t**2 + 25*t + 7. Determine j(-13).
20
Let s(q) = 4*q**2 + 7*q - 7. What is s(-6)?
95
Let j(q) = -164*q - 1807. Determine j(-11).
-3
Let o(n) = -2*n**3 + 22*n**2 - 20*n - 7. Calculate o(10).
-7
Let g(o) = 3*o + 3. What is g(0)?
3
Let q(u) = -u**3 - 10*u**2 - 16*u - 10. Determine q(-9).
53
Let z(s) = -2*s**3 + 4*s**2 + 3*s - 11. What is z(3)?
-20
Let z(t) = -35*t - 200. Calculate z(-5).
-25
Let t(s) = -7*s**2 + 3*s + 6. What is t(-2)?
-28
Let x(f) = f**3 - 7*f**2 + 8*f + 1. Determine x(6).
13
Let n(g) = -12*g - 2. Determine n(1).
-14
Let g(d) = d**3 - 6*d**2 + d - 11. Determine g(6).
-5
Let i(z) = z**2 - 4. Calculate i(-3).
5
Let h(f) = f**3 - 10*f**2 + 13*f - 40. Calculate h(9).
-4
Let h(z) = 17*z**3 + 2*z**2 - 3*z + 1. Determine h(1).
17
Let j(v) = v**3 + 36*v**2 - 39*v - 61. Calculate j(-37).
13
Let k(m) = -21*m**3 - 4*m - 3. Calculate k(-1).
22
Let k(u) = -u**3 - 3*u**2 + 3*u. What is k(-3)?
-9
Let b(n) = -n**2 + 15*n - 12. What is b(16)?
-28
Let c(q) = q**3 - 9*q**2 - q + 5. What is c(9)?
-4
Let k(f) = -f**2 + 2. Give k(1).
1
Let c(p) = -16*p**2 + 3*p - 1. What is c(1)?
-14
Let w(i) = -2*i**2 - 2*i - 1. Calculate w(-2).
-5
Let n(q) = q**2 + 3*q + 5. Determine n(-4).
9
Let v(g) = g**3 - 4*g**2 - 16*g + 11. What is v(6)?
-13
Let z(l) = -35*l - 1336. What is z(-38)?
-6
Let f(m) = -m**2 + 4*m + 6. Give f(-4).
-26
Let z(d) = 3*d - 49. Give z(17).
2
Let h(c) = -14*c + 11. Give h(-3).
53
Let b(f) = -2*f + 3. Give b(-1).
5
Let c(g) = -g - 34. Calculate c(-16).
-18
Let h(k) = -5*k - 1. What is h(1)?
-6
Let i(n) = n**3 - 7*n**2 + n + 5. Determine i(7).
12
Let s(w) = -4*w**3 - 2*w - 2. Give s(-2).
34
Let b(r) = 34*r - 55. Determine b(2).
13
Let r(l) = l - 3. What is r(-4)?
-7
Let k(p) = -p**3 + 12*p**2 - p + 1. Give k(12).
-11
Let h(p) = -p**2 - 16*p - 7. Determine h(-14).
21
Let r(a) = -a**3 - 7*a**2 - 2*a + 7. Give r(-3).
-23
Let j(h) = 2*h**3 - 19*h**2 + 9*h - 11. Determine j(9).
-11
Let p(c) = 37*c - 227. Give p(7).
32
Let y(p) = p**3 - 2*p**2 - 4*p - 14. Determine y(-4).
-94
Let p(b) = 24*b**2 + 2*b + 11. What is p(-3)?
221
Let f(c) = 10*c + 24. What is f(-6)?
-36
Let m(b) = b**3 - 9*b**2 - 4*b + 13. Determine m(10).
73
Let c(d) = 2*d**2 - 17*d + 11. Calculate c(8).
3
Let m(d) = -3*d**3 - 6*d**2 - 5*d. What is m(-3)?
42
Let b(w) = w**3 + 10*w**2 + 8*w + 3. Give b(-9).
12
Let l(p) = p**2 + 9*p + 6. Give l(-9).
6
Let b(z) = -z**2 + 10*z - 2. Determine b(9).
7
Let s(q) = 7*q + 3. Give s(-2).
-11
Let t(q) = q**3 - 5*q**2 + 3*q - 5. Give t(5).
10
Let b(s) = s + 27. Give b(-19).
8
Let y(t) = t**3 - 6*t**2 - 8*t + 5. Determine y(7).
-2
Let d(t) = t**3 - 5*t**2 + 8*t - 8. Determine d(5).
32
Let a(v) = -v**3 - 5*v**2 + 6*v. Give a(-6).
0
Let n(r) = -2*r**2 + 25*r + 51. Determine n(16).
-61
Let t(o) = 21*o - 230. Calculate t(10).
-20
Let f(q) = q - 121. Determine f(33).
-88
Let l(v) = 29*v. What is l(1)?
29
Let v(g) = -g**3 + 21*g**2 - 19*g - 18. Determine v(20).
2
Let a(r) = -3*r + 82. Determine a(25).
7
Let n(l) = 6*l**3 + l + 2. Determine n(-1).
-5
Let q(w) = -4*w - 17. Give q(-8).
15
Let m(w) = w**3 - 40*w**2 - 128*w - 49. What is m(43)?
-6
Let p(k) = -2*k**2 - 2*k + 7. Give p(-3).
-5
Let c(l) = l**3 - 5*l**2 + 2*l. Calculate c(3).
-12
Let n(b) = b**2 - 19*b - 20. Determine n(9).
-110
Let t(m) = -m**3 - 10*m**2 + 7*m + 25. Give t(-11).
69
Let d(x) = -x**3 + 2*x**2 + 13*x - 1. Give d(4).
19
Let d(h) = 3*h**2 - h - 6. Calculate d(-2).
8
Let g(a) = -21*a - 43. Give g(-2).
-1
Let w(b) = 12*b - 6. Determine w(0).
-6
Let b(r) = r**3 - r**2 + 3*r - 3. Give b(3).
24
Let c(x) = x**3 - 6*x**2 - 4*x + 13. Calculate c(7).
34
Let y(b) = -b**3 - 3*b**2 + 6*b + 6. Calculate y(-4).
-2
Let j(k) = -6*k - 2. What is j(2)?
-14
Let h(t) = 2*t - 1. Calculate h(6).
11
Let o(t) = t + 5. Give o(-2).
3
Let c(w) = -3*w + 7. Calculate c(4).
-5
Let m(r) = -r - 2. Calculate m(-16).
14
Let n(p) = -9*p + 20. Determine n(5).
-25
Let k(q) = -3*q**2 + 3*q + 1. Give k(-3).
-35
Let q(z) = z**2 + 6*z - 24. Calculate q(-9).
3
Let c(x) = x**3 + 3*x**2 - 4*x + 2. Give c(2).
14
Let q(b) = -4*b + 2. Determine q(1).
-2
Let v(z) = z**3 - 6*z**2 - 4*z - 7. What is v(6)?
-31
Let o(s) = -16*s + 5. Give o(-2).
37
Let x(w) = 3*w + 22. Give x(-7).
1
Let p(g) = -g**3 + 34*g**2 - 32*g - 22. Calculate p(33).
11
Let s(j) = -4*j + 99. Calculate s(27).
-9
Let p(q) = 3*q - 31. What is p(11)?
2
Let d(k) = k**3 + 9*k**2 - 3*k - 14. Give d(-9).
13
Let c(j) = -2*j**3 - 2*j**2 - j - 1. Give c(2).
-27
Let a(q) = q**3 + 33*q**2 - 33*q + 40. Give a(-34).
6
Let f(q) = 17*q**3 - q - 1. Determine f(2).
133
Let g(x) = -x**2 - 3*x + 10. Give g(-5).
0
Let f(o) = -o**3 - 25*o**2 + 29*o + 77. Calculate f(-26).
-1
Let n(d) = -d**2 - 1. Determine n(-2).
-5
Let l(f) = 2*f**3 + 2*f**2 + f + 1. Calculate l(-2).
-9
Let y(k) = 119*k - 710. Determine y(6).
4
Let i(f) = f**3 + 3*f**2 + 13*f + 34. What is i(-3)?
-5
Let t(l) = -l**3 + 13*l**2 + 21*l - 6. Determine t(14).
92
Let x(o) = 2*o**3 - 3*o**2 - 4*o + 2. Determine x(-2).
-18
Let c(o) = 12*o - 98. What is c(11)?
34
Let k(q) = -2*q**2 + 79*q - 258. Calculate k(36).
-6
Let b(c) = 2*c - 39. Determine b(19).
-1
Let a(n) = n**2 + 103*n - 204. Determine a(2).
6
Let o(q) = q**3 + 7*q**2 - 9*q - 3. What is o(-8)?
5
Let u(d) = -d**3 + 24*d**2 - 28*d + 82. Give u(23).
-33
Let x(n) = n**3 - 11*n**2 + 13*n + 3. Give x(9).
-42
Let b(j) = 9*j - 1. Determine b(1).
8
Let w(h) = -49*h + 640. Determine w(13).
3
Let d(f) = -10*f - 32. Calculate d(-6).
28
Let b(y) = y**2 + 10*y + 23. What is b(-7)?
2
Let y(g) = -g + 10. Give y(10).
0
